ded by 20.
17
What is the remainder when 101 is divided by 16?
5
Calculate the remainder when 108 is divided by 40.
28
Calculate the remainder when 113 is divided by 34.
11
Calculate the remainder when 671 is divided by 6.
5
What is the remainder when 219 is divided by 80?
59
What is the remainder when 375 is divided by 94?
93
Calculate the remainder when 4260 is divided by 20.
0
What is the remainder when 896 is divided by 59?
11
What is the remainder when 91 is divided by 15?
1
What is the remainder when 3101 is divided by 15?
11
Calculate the remainder when 196 is divided by 114.
82
Calculate the remainder when 594 is divided by 13.
9
What is the remainder when 131 is divided by 46?
39
What is the remainder when 985 is divided by 47?
45
Calculate the remainder when 8576 is divided by 39.
35
What is the remainder when 14113 is divided by 3?
1
Calculate the remainder when 149 is divided by 30.
29
Calculate the remainder when 119 is divided by 33.
20
Calculate the remainder when 246 is divided by 75.
21
What is the remainder when 9071 is divided by 144?
143
Calculate the remainder when 44 is divided by 35.
9
Calculate the remainder when 1559 is divided by 49.
40
What is the remainder when 3258 is divided by 8?
2
What is the remainder when 596 is divided by 46?
44
Calculate the remainder when 189 is divided by 58.
15
What is the remainder when 164 is divided by 29?
19
Calculate the remainder when 8887 is divided by 88.
87
What is the remainder when 85 is divided by 41?
3
Calculate the remainder when 51 is divided by 21.
9
What is the remainder when 406 is divided by 32?
22
What is the remainder when 208 is divided by 43?
36
Calculate the remainder when 116 is divided by 7.
4
What is the remainder when 42 is divided by 21?
0
Calculate the remainder when 3650 is divided by 60.
50
What is the remainder when 6679 is divided by 3?
1
Calculate the remainder when 298 is divided by 156.
142
What is the remainder when 1481 is divided by 28?
25
What is the remainder when 90 is divided by 42?
6
Calculate the remainder when 576 is divided by 115.
1
What is the remainder when 243 is divided by 94?
55
What is the remainder when 639 is divided by 69?
18
Calculate the remainder when 295 is divided by 30.
25
What is the remainder when 152 is divided by 18?
8
Calculate the remainder when 157 is divided by 137.
20
What is the remainder when 140 is divided by 13?
10
Calculate the remainder when 69 is divided by 37.
32
What is the remainder when 351 is divided by 24?
15
Calculate the remainder when 321 is divided by 82.
75
What is the remainder when 2498 is divided by 100?
98
What is the remainder when 145 is divided by 135?
10
Calculate the remainder when 674 is divided by 136.
130
Calculate the remainder when 504 is divided by 37.
23
Calculate the remainder when 161 is divided by 34.
25
What is the remainder when 203 is divided by 19?
13
What is the remainder when 410 is divided by 14?
4
Calculate the remainder when 272 is divided by 39.
38
Calculate the remainder when 8583 is divided by 85.
83
Calculate the remainder when 525 is divided by 506.
19
What is the remainder when 69 is divided by 22?
3
Calculate the remainder when 217 is divided by 44.
41
What is the remainder when 151 is divided by 76?
75
What is the remainder when 26 is divided by 2?
0
Calculate the remainder when 150 is divided by 87.
63
What is the remainder when 1581 is divided by 8?
5
Calculate the remainder when 776 is divided by 39.
35
Calculate the remainder when 79 is divided by 27.
25
Calculate the remainder when 269 is divided by 21.
17
What is the remainder when 480 is divided by 475?
5
What is the remainder when 6166 is divided by 51?
46
What is the remainder when 665 is divided by 18?
17
Calculate the remainder when 8131 is divided by 166.
163
Calculate the remainder when 1182 is divided by 74.
72
What is the remainder when 3460 is divided by 689?
15
What is the remainder when 83 is divided by 18?
11
What is the remainder when 537 is divided by 30?
27
Calculate the remainder when 340 is divided by 118.
104
Calculate the remainder when 260 is divided by 30.
20
Calculate the remainder when 541 is divided by 180.
1
What is the remainder when 15 is divided by 3?
0
Calculate the remainder when 72 is divided by 11.
6
Calculate the remainder when 153 is divided by 105.
48
Calculate the remainder when 76 is divided by 18.
4
Calculate the remainder when 587 is divided by 49.
48
What is the remainder when 787 is divided by 212?
151
Calculate the remainder when 424 is divided by 83.
9
What is the remainder when 97 is divided by 10?
7
Calculate the remainder when 509 is divided by 269.
240
Calculate the remainder when 363 is divided by 16.
11
Calculate the remainder when 952 is divided by 472.
8
Calculate the remainder when 2010 is divided by 33.
30
What is the remainder when 748 is divided by 265?
218
What is the remainder when 22911 is divided by 342?
339
What is the remainder when 482 is divided by 159?
5
What is the remainder when 277 is divided by 73?
58
What is the remainder when 1513 is divided by 41?
37
What is the remainder when 1253 is divided by 335?
248
What is the remainder when 47312 is divided by 82?
80
Calculate the remainder when 953 is divided by 67.
15
What is the remainder when 723 is divided by 723?
0
Calculate the remainder when 62 is divided by 18.
8
Calculate the remainder when 779 is divided by 48.
11
Calculate the remainder when 1057 is divided by 152.
145
What is the remainder when 1249 is divided by 619?
11
Calculate the remainder when 1842 is divided by 52.
22
What is the remainder when 101 is divided by 67?
34
Calculate the remainder when 1625 is divided by 540.
5
Calculate the remainder when 116 is divided by 62.
54
What is the remainder when 2152 is divided by 198?
172
What is the remainder when 2250 is divided by 744?
18
What is the remainder when 136 is divided by 23?
21
What is the remainder when 904 is divided by 132?
112
What is the remainder when 46 is divided by 7?
4
Calculate the remainder when 110 is divided by 57.
53
What is the remainder when 823 is divided by 59?
56
Calculate the remainder when 94 is divided by 17.
9
What is the remainder when 119 is divided by 32?
23
What is the remainder when 1822 is divided by 362?
12
What is the remainder when 1085 is divided by 136?
133
What is the remainder when 716 is divided by 99?
23
What is the remainder when 1538 is divided by 768?
2
What is the remainder when 1298 is divided by 163?
157
What is the remainder when 1482 is divided by 149?
141
What is the remainder when 1935 is divided by 61?
44
What is the remainder when 27 is divided by 14?
13
What is the remainder when 2108 is divided by 64?
60
Calculate the remainder when 611 is divided by 62.
53
What is the remainder when 4356 is divided by 23?
9
Calculate the remainder when 812 is divided by 359.
94
Calculate the remainder when 328 is divided by 246.
82
What is the remainder when 499 is divided by 50?
49
What is the remainder when 392 is divided by 50?
42
What is the remainder when 2988 is divided by 61?
60
What is the remainder when 355 is divided by 174?
7
What is the remainder when 887 is divided by 436?
15
What is the remainder when 399 is divided by 89?
43
What is the remainder when 4199 is divided by 10?
9
What is the remainder when 597 is divided by 42?
9
Calculate the remainder when 157 is divided by 31.
2
Calculate the remainder when 160 is divided by 18.
16
What is the remainder when 311 is divided by 78?
77
Calculate the remainder when 244 is divided by 25.
19
Calculate the remainder when 143 is divided by 5.
3
Calculate the remainder when 2279 is divided by 108.
11
What is the remainder when 7798 is divided by 29?
26
Calculate the remainder when 3475 is divided by 59.
53
Calculate the remainder when 28 is divided by 19.
9
Calculate the remainder when 130 is divided by 19.
16
What is the remainder when 1201 is divided by 14?
11
What is the remainder when 172 is divided by 25?
22
Calculate the remainder when 657 is divided by 127.
22
Calculate the remainder when 1167 is divided by 90.
87
What is the remainder when 3022 is divided by 16?
14
Calculate the remainder when 298 is divided by 25.
23
Calculate the remainder when 386 is divided by 13.